. What is u(-27)?
13
Let u(y) = -y**3 - 12*y**2 + 99*y - 44. Give u(-18).
118
Let m(x) = -286*x**3 - 3*x**2 + 7*x + 8. Determine m(-1).
284
Let c(z) = z**3 - 99*z**2 + 12*z - 1195. What is c(99)?
-7
Let k(z) = -8*z**2 + 20*z - 17. Determine k(5).
-117
Let s(z) = -z**3 - 5*z**2 + 9*z + 52. Determine s(-6).
34
Let n(c) = 9*c + 65. Calculate n(-19).
-106
Let j(x) = -x - 18. What is j(53)?
-71
Let t(d) = -89*d - 4164. What is t(-47)?
19
Let o(f) = -9*f + 263. What is o(0)?
263
Let n(k) = k**3 - 23*k**2 + 28*k - 174. What is n(22)?
-42
Let l(b) = 37*b - 915. Calculate l(25).
10
Let k(t) = -t**3 + 5*t**2 + 5*t - 73. Determine k(6).
-79
Let v(a) = -3*a**2 + 55*a + 396. What is v(24)?
-12
Let v(p) = -p**3 + 213*p**2 - 249*p + 7919. Determine v(212).
75
Let n(o) = 159*o - 1513. What is n(9)?
-82
Let j(c) = -978*c + 1959. Determine j(2).
3
Let q(f) = -f**3 + 2*f**2 + 13*f - 4. What is q(5)?
-14
Let l(x) = -30*x - 2234. What is l(-75)?
16
Let h(g) = 44*g + 229. Determine h(-4).
53
Let k(h) = -12*h**2 - 135*h - 130. Calculate k(-12).
-238
Let g(c) = 3*c**3 + 15*c**2 - 23*c - 137. Determine g(-3).
-14
Let d(v) = -2*v**2 - 1544*v - 13802. Give d(-9).
-68
Let j(k) = k + 46. What is j(-65)?
-19
Let z(i) = i**3 + 109*i**2 - 444*i + 916. Calculate z(-113).
12
Let p(d) = -4*d**3 - 160*d**2 - 11*d - 303. Calculate p(-40).
137
Let c(h) = 122*h + 3766. Determine c(-31).
-16
Let q(t) = 9956*t + 139387. Determine q(-14).
3
Let z(x) = -3*x**2 + 30*x - 220. Determine z(7).
-157
Let s(n) = -n**3 + 7*n**2 - 17*n + 7. Give s(2).
-7
Let s(x) = 2*x**3 + 93*x**2 - 46*x + 115. Calculate s(-47).
68
Let d(c) = -c**3 - 10*c**2 + 38*c + 349. Calculate d(-11).
52
Let v(q) = q**3 + 96*q**2 + 199*q + 1090. Determine v(-94).
56
Let d(t) = 2*t**2 - 48*t - 462. Give d(-12).
402
Let n(l) = 3*l**3 + 143*l**2 - 50*l - 151. What is n(-48)?
-55
Let b(m) = -4*m**2 - 103*m + 26. What is b(-21)?
425
Let u(a) = a**3 - 195*a**2 + 949*a + 175. Give u(190).
-15
Let w(o) = 5*o**2 + 45*o - 104. Calculate w(2).
6
Let p(i) = -i**2 + 13*i + 3734. Give p(68).
-6
Let y(w) = -w**3 + 9*w**2 + 132*w + 86. What is y(17)?
18
Let p(v) = v**2 - 70*v - 624. What is p(-13)?
455
Let w(q) = -q**2 - 1559*q + 15667. Give w(10).
-23
Let b(r) = 3*r**3 + 91*r**2 + 28*r - 67. Determine b(-30).
-7
Let z(f) = 13*f**2 - 137*f + 399. Calculate z(5).
39
Let h(g) = -4*g**2 + 36*g - 10. Determine h(8).
22
Let i(s) = 3*s**2 - 54*s + 4. Determine i(17).
-47
Let o(u) = 4*u**3 + 19*u**2 - 10*u. What is o(-5)?
25
Let k(p) = -15*p**2 - 76*p + 760. What is k(5)?
5
Let i(h) = -h**3 - 10*h**2 + 17*h + 58. Determine i(-11).
-8
Let c(g) = -4*g**3 - 4*g**2 + 34*g - 29. What is c(1)?
-3
Let f(b) = b**3 - 46*b**2 - 107*b - 24. Give f(-2).
-2
Let y(g) = 769*g - 4627. Give y(6).
-13
Let k(g) = g**2 + 59*g + 622. Calculate k(-44).
-38
Let f(p) = 91*p - 4821. What is f(53)?
2
Let g(f) = 65*f - 246. Determine g(2).
-116
Let h(b) = -5*b - 689. What is h(-134)?
-19
Let h(k) = -k**2 - 405*k - 33860. Calculate h(-118).
6
Let q(c) = c**3 + 28*c**2 - 2*c - 33. Calculate q(-28).
23
Let m(h) = -2*h + 24. What is m(21)?
-18
Let z(p) = 3*p**3 - 3*p**2 - 61*p - 31. Give z(0).
-31
Let d(q) = -q**3 + q**2 - 9*q - 10. What is d(-5)?
185
Let k(o) = -o**3 - 9*o**2 + 86*o + 462. Calculate k(-13).
20
Let i(a) = -14*a**2 + 8*a + 35. Determine i(-3).
-115
Let j(y) = -367*y - 4107. What is j(-10)?
-437
Let a(h) = 14*h**2 - 17*h + 131. Determine a(6).
533
Let z(t) = 3*t - 162. Give z(0).
-162
Let b(c) = 190*c + 233. Determine b(-1).
43
Let u(m) = m**2 - 12*m - 254. Calculate u(20).
-94
Let b(s) = -s**2 - 39*s + 124. Determine b(-41).
42
Let h(p) = -p**3 + p**2 - 10*p + 44. Calculate h(5).
-106
Let l(f) = 26*f**3 - f**2 - 12*f - 11. Give l(-1).
-26
Let m(x) = -2*x**2 - 30*x + 42. Calculate m(-19).
-110
Let d(o) = o**3 + 127*o**2 + 1776*o - 16. What is d(-111)?
-16
Let r(z) = 269*z + 13453. Calculate r(-50).
3
Let o(y) = -y**2 - 26*y + 107. Calculate o(-29).
20
Let p(v) = -v**3 + v**2 + 57*v + 173. What is p(-4)?
25
Let s(i) = -i**3 - 38*i**2 - 161*i + 113. Determine s(-33).
-19
Let b(p) = 35*p + 301. What is b(-19)?
-364
Let b(l) = 3*l**2 - 13*l - 743. Give b(18).
-5
Let x(q) = 4*q**3 - 27*q**2 + 14*q + 3. What is x(6)?
-21
Let l(t) = -243*t - 401. Calculate l(-2).
85
Let k(w) = -w**3 + 77*w**2 + 7*w - 531. Calculate k(77).
8
Let x(k) = -6*k**2 + 8*k + 31. Determine x(4).
-33
Let a(t) = -188*t + 12722. What is a(68)?
-62
Let x(o) = -2*o**3 + 188*o**2 - 6*o + 777. Determine x(94).
213
Let f(l) = -3*l**3 - 7*l**2 + 2*l + 6. Determine f(-2).
-2
Let x(w) = -992*w + 4953. Determine x(5).
-7
Let g(r) = r**2 + 11*r + 33. Give g(-5).
3
Let j(r) = -230*r + 7592. Determine j(33).
2
Let d(k) = -2*k**2 - 1179*k + 7146. What is d(6)?
0
Let o(r) = -r**2 - 19*r + 31. Give o(-18).
49
Let v(c) = 5866*c + 29340. What is v(-5)?
10
Let w(v) = -4*v + 30. Calculate w(7).
2
Let w(c) = -c**2 + 28*c + 159. Give w(-5).
-6
Let q(i) = -8*i**3 + 47*i**2 + 4*i + 29. Determine q(6).
17
Let t(k) = -9*k**3 + 49*k**2 - 11*k + 50. Give t(5).
95
Let u(m) = -3*m**2 + 6*m + 1897. Determine u(26).
25
Let v(n) = n**3 + n**2 - 272*n + 32. Determine v(16).
32
Let d(z) = z**2 - 46*z + 301. What is d(38)?
-3
Let i(p) = 1086*p + 3262. Give i(-3).
4
Let f(w) = 2*w**3 + 38*w**2 + 125*w + 2368. Determine f(-19).
-7
Let f(s) = -297*s**2 - 303*s - 1. Calculate f(-1).
5
Let t(q) = 575*q - 1144. Calculate t(2).
6
Let h(a) = 49*a - 159. Determine h(6).
135
Let q(t) = 3*t**3 + 296*t**2 + 2090*t - 269. Determine q(-91).
4
Let d(a) = -a**3 + 13*a**2 + 329*a - 680. What is d(-14)?
6
Let h(n) = 397*n + 787. Give h(-2).
-7
Let w(m) = -m**3 - 3*m**2 + 3*m + 6. What is w(-5)?
41
Let i(p) = p**3 - 29*p**2 + 218*p - 562. Calculate i(19).
-30
Let f(o) = -o**2 + 5*o + 89. Calculate f(-4).
53
Let y(b) = b**3 - 20*b**2 + 97*b + 29. What is y(11)?
7
Let x(t) = t**3 + 12*t**2 + 15*t + 94. Determine x(-8).
230
Let f(r) = -2*r**2 - 401*r - 3764. Give f(-10).
46
Let p(g) = g**3 + 9*g**2 + 13*g + 29. Calculate p(-7).
36
Let v(z) = 16*z + 1400. Calculate v(-83).
72
Let b(r) = r**3 - 70*r**2 - 1914*r + 275. What is b(91)?
2
Let r(v) = -v**3 + v**2 - 5*v + 629. Give r(0).
629
Let n(i) = -i**3 + 33*i**2 + 16*i + 315. What is n(34)?
-297
Let n(z) = 33*z + 226. What is n(-7)?
-5
Let z(m) = 10181*m - 132344. Calculate z(13).
9
Let c(d) = 127*d**2 + 1884*d - 312. What is c(-15)?
3
Let w(l) = -7*l**2 + 157*l - 4. Determine w(3).
404
Let y(j) = -37*j + 1104. What is y(30)?
-6
Let i(k) = k**2 - 201*k + 8221. Calculate i(144).
13
Let g(h) = 5*h**2 + 32*h - 136. Calculate g(5).
149
Let u(f) = -f**3 - 15*f**2 - 12*f + 16. What is u(-14)?
-12
Let q(d) = -d**2 - 170*d - 1147. Determine q(-7).
-6
Let n(h) = 8903*h - 62308. Give n(7).
13
Let u(n) = -2*n**2 - 10*n + 108. Give u(6).
-24
Let i(y) = y**2 - y - 1807. Determine i(43).
-1
Let j(f) = -1090*f + 7615. Give j(7).
-15
Let j(p) = -5*p**2 + 7*p + 9. Give j(-2).
-25
Let z(b) = 241*b + 2942. What is z(-12)?
50
Let q(f) = -f**3 + 96*f**2 - 2*f + 186. Determine q(96).
-6
Let r(d) = -5*d**2 + 17*d - 7. What is r(8)?
-191
Let n(d) = -2*d**2 - 174*d - 2559. Determine n(-68).
25
Let i(b) = b**2 + 43*b + 257. Calculate i(-31).
-115
Let u(t) = 3*t**3 - 2*t**2 - 17*t + 37. What is u(3)?
49
Let n(i) = -916*i + 36667. What is n(40)?
27
Let z(t) = -89*t - 660. Calculate z(-3).
-393
Let t(f) = 101*f - 1189. What is t(12)?
23
Let f(a) = -2*a**2 - 87*a - 50. Give f(-40).
230
Let y(h) = 63*h - 3140. Give y(50).
10
Let o(d) = 613*d + 6845. Calculate o(-11).
102
Let s(a) = a**3 + 10*a**2 + 19*a + 1. Calculate s(-6).
31
Let w(a) = -a**2 - 365*a + 1106. What is w(3)?
2
Let o(y) = -20*y - 128. Determine o(-5).
-28
Let y(n) = 643*n - 1911. Determine y(3).
18
Let d(n) = -n**2 + 2*n - 55. Give d(0).
-55
Let q(m) = m**3 - 9*m**2 - 3*m - 25. Calculate q(7).
-144
Let o(r) = 8*r**3 + r**2 - 2*r + 1. Calculate o(1).
8
Let p(f) = -131*f - 915. Calculate p(-7).
2
Let d(z) = -3*z**2 - 95*z - 114. Determine d(-34).
-352
Let g(v) = 23*v + 837. What is g(-24)?
285
Let h(n) = -21*n**2 - 4*n + 8. What is h(3)?
-193
Let k(r) = -r**3 - 89*r**2 + 6574*r - 290. What is k(-137)?
-16
Let g(d) = -138*d + 3618. Give g(26).
30
Let v(b) = 30*b**2 + 12*b - 2. What is v(-3)?
232
Let c(j) = -206*j + 9473. Calculate c(46).
-3
Let d(t) = -5*t**2 + 12*t 